{"id":125,"date":"2020-09-16T09:51:54","date_gmt":"2020-09-16T13:51:54","guid":{"rendered":"https:\/\/guyduval.com\/guyduvalinc\/?page_id=125"},"modified":"2025-10-01T14:23:07","modified_gmt":"2025-10-01T18:23:07","slug":"notre-equipe-reguliere","status":"publish","type":"page","link":"https:\/\/guyduval.com\/guyduvalinc\/?page_id=125","title":{"rendered":"Notre \u00e9quipe r\u00e9guli\u00e8re"},"content":{"rendered":"\t\t<div data-elementor-type=\"wp-page\" data-elementor-id=\"125\" class=\"elementor elementor-125\">\n\t\t\t\t\t\t<section class=\"elementor-section elementor-top-section elementor-element elementor-element-ju5rd39 elementor-section-boxed elementor-section-height-default elementor-section-height-default\" data-id=\"ju5rd39\" data-element_type=\"section\" data-settings=\"{&quot;background_background&quot;:&quot;classic&quot;}\">\n\t\t\t\t\t\t<div class=\"elementor-container elementor-column-gap-no\">\n\t\t\t\t\t<div class=\"elementor-column elementor-col-100 elementor-top-column elementor-element elementor-element-c3b4893\" data-id=\"c3b4893\" data-element_type=\"column\">\n\t\t\t<div class=\"elementor-widget-wrap elementor-element-populated\">\n\t\t\t\t\t\t<section class=\"elementor-section elementor-inner-section elementor-element elementor-element-8059a1b elementor-section-boxed elementor-section-height-default elementor-section-height-default\" data-id=\"8059a1b\" data-element_type=\"section\">\n\t\t\t\t\t\t<div class=\"elementor-container elementor-column-gap-no\">\n\t\t\t\t\t<div class=\"elementor-column elementor-col-25 elementor-inner-column elementor-element elementor-element-c30ee36\" data-id=\"c30ee36\" data-element_type=\"column\">\n\t\t\t<div class=\"elementor-widget-wrap elementor-element-populated\">\n\t\t\t\t\t\t<div class=\"elementor-element elementor-element-0c8c0e9 elementor-widget__width-initial elementor-position-top elementor-widget elementor-widget-image-box\" data-id=\"0c8c0e9\" data-element_type=\"widget\" data-widget_type=\"image-box.default\">\n\t\t\t\t\t<div class=\"elementor-image-box-wrapper\"><figure class=\"elementor-image-box-img\"><img fetchpriority=\"high\" decoding=\"async\" width=\"1706\" height=\"2560\" src=\"https:\/\/guyduval.com\/guyduvalinc\/wp-content\/uploads\/2020\/12\/cyGmLQwA-scaled.jpeg\" class=\"attachment-full size-full wp-image-280\" alt=\"\" srcset=\"https:\/\/guyduval.com\/guyduvalinc\/wp-content\/uploads\/2020\/12\/cyGmLQwA-scaled.jpeg 1706w, https:\/\/guyduval.com\/guyduvalinc\/wp-content\/uploads\/2020\/12\/cyGmLQwA-200x300.jpeg 200w, https:\/\/guyduval.com\/guyduvalinc\/wp-content\/uploads\/2020\/12\/cyGmLQwA-683x1024.jpeg 683w, https:\/\/guyduval.com\/guyduvalinc\/wp-content\/uploads\/2020\/12\/cyGmLQwA-768x1152.jpeg 768w, https:\/\/guyduval.com\/guyduvalinc\/wp-content\/uploads\/2020\/12\/cyGmLQwA-1024x1536.jpeg 1024w, https:\/\/guyduval.com\/guyduvalinc\/wp-content\/uploads\/2020\/12\/cyGmLQwA-1365x2048.jpeg 1365w, https:\/\/guyduval.com\/guyduvalinc\/wp-content\/uploads\/2020\/12\/cyGmLQwA-133x200.jpeg 133w\" sizes=\"(max-width: 1706px) 100vw, 1706px\" \/><\/figure><div class=\"elementor-image-box-content\"><h5 class=\"elementor-image-box-title\">Catherine Chevrier<\/h5><\/div><\/div>\t\t\t\t<\/div>\n\t\t\t\t<div class=\"elementor-element elementor-element-a4585ad elementor-widget elementor-widget-text-editor\" data-id=\"a4585ad\" data-element_type=\"widget\" data-widget_type=\"text-editor.default\">\n\t\t\t\t\t\t\t\t\t<p>catherine.chevrier@guyduval.com<\/p>\t\t\t\t\t\t\t\t<\/div>\n\t\t\t\t\t<\/div>\n\t\t<\/div>\n\t\t\t\t<div class=\"elementor-column elementor-col-25 elementor-inner-column elementor-element elementor-element-2b6e32e\" data-id=\"2b6e32e\" data-element_type=\"column\">\n\t\t\t<div class=\"elementor-widget-wrap elementor-element-populated\">\n\t\t\t\t\t\t<div class=\"elementor-element elementor-element-e1effa6 elementor-position-top elementor-widget elementor-widget-image-box\" data-id=\"e1effa6\" data-element_type=\"widget\" data-widget_type=\"image-box.default\">\n\t\t\t\t\t<div class=\"elementor-image-box-wrapper\"><figure class=\"elementor-image-box-img\"><img decoding=\"async\" width=\"1707\" height=\"2560\" src=\"https:\/\/guyduval.com\/guyduvalinc\/wp-content\/uploads\/2020\/12\/wkBr9BgU-scaled.jpeg\" class=\"attachment-full size-full wp-image-282\" alt=\"\" srcset=\"https:\/\/guyduval.com\/guyduvalinc\/wp-content\/uploads\/2020\/12\/wkBr9BgU-scaled.jpeg 1707w, https:\/\/guyduval.com\/guyduvalinc\/wp-content\/uploads\/2020\/12\/wkBr9BgU-200x300.jpeg 200w, https:\/\/guyduval.com\/guyduvalinc\/wp-content\/uploads\/2020\/12\/wkBr9BgU-683x1024.jpeg 683w, https:\/\/guyduval.com\/guyduvalinc\/wp-content\/uploads\/2020\/12\/wkBr9BgU-768x1152.jpeg 768w, https:\/\/guyduval.com\/guyduvalinc\/wp-content\/uploads\/2020\/12\/wkBr9BgU-1024x1536.jpeg 1024w, https:\/\/guyduval.com\/guyduvalinc\/wp-content\/uploads\/2020\/12\/wkBr9BgU-1365x2048.jpeg 1365w, https:\/\/guyduval.com\/guyduvalinc\/wp-content\/uploads\/2020\/12\/wkBr9BgU-133x200.jpeg 133w\" sizes=\"(max-width: 1707px) 100vw, 1707px\" \/><\/figure><div class=\"elementor-image-box-content\"><h5 class=\"elementor-image-box-title\">sylvie duval<\/h5><p class=\"elementor-image-box-description\">Directrice<\/p><\/div><\/div>\t\t\t\t<\/div>\n\t\t\t\t\t<\/div>\n\t\t<\/div>\n\t\t\t\t<div class=\"elementor-column elementor-col-25 elementor-inner-column elementor-element elementor-element-6c4362d\" data-id=\"6c4362d\" data-element_type=\"column\">\n\t\t\t<div class=\"elementor-widget-wrap elementor-element-populated\">\n\t\t\t\t\t\t<div class=\"elementor-element elementor-element-a1f6515 elementor-position-top elementor-widget elementor-widget-image-box\" data-id=\"a1f6515\" data-element_type=\"widget\" data-widget_type=\"image-box.default\">\n\t\t\t\t\t<div class=\"elementor-image-box-wrapper\"><figure class=\"elementor-image-box-img\"><img decoding=\"async\" width=\"1098\" height=\"1648\" src=\"https:\/\/guyduval.com\/guyduvalinc\/wp-content\/uploads\/2020\/12\/SjIFXJUw.jpeg\" class=\"attachment-full size-full wp-image-279\" alt=\"\" srcset=\"https:\/\/guyduval.com\/guyduvalinc\/wp-content\/uploads\/2020\/12\/SjIFXJUw.jpeg 1098w, https:\/\/guyduval.com\/guyduvalinc\/wp-content\/uploads\/2020\/12\/SjIFXJUw-200x300.jpeg 200w, https:\/\/guyduval.com\/guyduvalinc\/wp-content\/uploads\/2020\/12\/SjIFXJUw-682x1024.jpeg 682w, https:\/\/guyduval.com\/guyduvalinc\/wp-content\/uploads\/2020\/12\/SjIFXJUw-768x1153.jpeg 768w, https:\/\/guyduval.com\/guyduvalinc\/wp-content\/uploads\/2020\/12\/SjIFXJUw-1023x1536.jpeg 1023w, https:\/\/guyduval.com\/guyduvalinc\/wp-content\/uploads\/2020\/12\/SjIFXJUw-133x200.jpeg 133w\" sizes=\"(max-width: 1098px) 100vw, 1098px\" \/><\/figure><div class=\"elementor-image-box-content\"><h5 class=\"elementor-image-box-title\">roger Chevrier<\/h5><\/div><\/div>\t\t\t\t<\/div>\n\t\t\t\t\t<\/div>\n\t\t<\/div>\n\t\t\t\t<div class=\"elementor-column elementor-col-25 elementor-inner-column elementor-element elementor-element-c674632\" data-id=\"c674632\" data-element_type=\"column\">\n\t\t\t<div class=\"elementor-widget-wrap elementor-element-populated\">\n\t\t\t\t\t\t<div class=\"elementor-element elementor-element-1f1c73b elementor-position-top elementor-widget elementor-widget-image-box\" data-id=\"1f1c73b\" data-element_type=\"widget\" data-widget_type=\"image-box.default\">\n\t\t\t\t\t<div class=\"elementor-image-box-wrapper\"><figure class=\"elementor-image-box-img\"><img loading=\"lazy\" decoding=\"async\" width=\"1707\" height=\"2560\" src=\"https:\/\/guyduval.com\/guyduvalinc\/wp-content\/uploads\/2020\/12\/8x52e4w-scaled.jpeg\" class=\"attachment-full size-full wp-image-281\" alt=\"\" srcset=\"https:\/\/guyduval.com\/guyduvalinc\/wp-content\/uploads\/2020\/12\/8x52e4w-scaled.jpeg 1707w, https:\/\/guyduval.com\/guyduvalinc\/wp-content\/uploads\/2020\/12\/8x52e4w-200x300.jpeg 200w, https:\/\/guyduval.com\/guyduvalinc\/wp-content\/uploads\/2020\/12\/8x52e4w-683x1024.jpeg 683w, https:\/\/guyduval.com\/guyduvalinc\/wp-content\/uploads\/2020\/12\/8x52e4w-768x1152.jpeg 768w, https:\/\/guyduval.com\/guyduvalinc\/wp-content\/uploads\/2020\/12\/8x52e4w-1024x1536.jpeg 1024w, https:\/\/guyduval.com\/guyduvalinc\/wp-content\/uploads\/2020\/12\/8x52e4w-1365x2048.jpeg 1365w, https:\/\/guyduval.com\/guyduvalinc\/wp-content\/uploads\/2020\/12\/8x52e4w-133x200.jpeg 133w\" sizes=\"(max-width: 1707px) 100vw, 1707px\" \/><\/figure><div class=\"elementor-image-box-content\"><h5 class=\"elementor-image-box-title\">m\u00e9linda chevrier<\/h5><\/div><\/div>\t\t\t\t<\/div>\n\t\t\t\t<div class=\"elementor-element elementor-element-8d7edca elementor-widget elementor-widget-text-editor\" data-id=\"8d7edca\" data-element_type=\"widget\" data-widget_type=\"text-editor.default\">\n\t\t\t\t\t\t\t\t\t<p>melinda.chevrier@guyduval.com<\/p>\t\t\t\t\t\t\t\t<\/div>\n\t\t\t\t\t<\/div>\n\t\t<\/div>\n\t\t\t\t\t<\/div>\n\t\t<\/section>\n\t\t\t\t\t<\/div>\n\t\t<\/div>\n\t\t\t\t\t<\/div>\n\t\t<\/section>\n\t\t\t\t<section class=\"elementor-section elementor-top-section elementor-element elementor-element-0wnfxk4 elementor-section-boxed elementor-section-height-default elementor-section-height-default\" data-id=\"0wnfxk4\" data-element_type=\"section\" data-settings=\"{&quot;background_background&quot;:&quot;classic&quot;}\">\n\t\t\t\t\t\t<div class=\"elementor-container elementor-column-gap-no\">\n\t\t\t\t\t<div class=\"elementor-column elementor-col-100 elementor-top-column elementor-element elementor-element-c3b4893\" data-id=\"c3b4893\" data-element_type=\"column\">\n\t\t\t<div class=\"elementor-widget-wrap elementor-element-populated\">\n\t\t\t\t\t\t<section class=\"elementor-section elementor-inner-section elementor-element elementor-element-8059a1b elementor-section-boxed elementor-section-height-default elementor-section-height-default\" data-id=\"8059a1b\" data-element_type=\"section\">\n\t\t\t\t\t\t<div class=\"elementor-container elementor-column-gap-no\">\n\t\t\t\t\t<div class=\"elementor-column elementor-col-25 elementor-inner-column elementor-element elementor-element-c30ee36\" data-id=\"c30ee36\" data-element_type=\"column\">\n\t\t\t<div class=\"elementor-widget-wrap elementor-element-populated\">\n\t\t\t\t\t\t<div class=\"elementor-element elementor-element-a9c3a33 elementor-position-top elementor-widget elementor-widget-image-box\" data-id=\"a9c3a33\" data-element_type=\"widget\" data-widget_type=\"image-box.default\">\n\t\t\t\t\t<div class=\"elementor-image-box-wrapper\"><figure class=\"elementor-image-box-img\"><img loading=\"lazy\" decoding=\"async\" width=\"1707\" height=\"2560\" src=\"https:\/\/guyduval.com\/guyduvalinc\/wp-content\/uploads\/2020\/12\/zPvvHlTw-scaled.jpeg\" class=\"attachment-full size-full wp-image-284\" alt=\"\" srcset=\"https:\/\/guyduval.com\/guyduvalinc\/wp-content\/uploads\/2020\/12\/zPvvHlTw-scaled.jpeg 1707w, https:\/\/guyduval.com\/guyduvalinc\/wp-content\/uploads\/2020\/12\/zPvvHlTw-200x300.jpeg 200w, https:\/\/guyduval.com\/guyduvalinc\/wp-content\/uploads\/2020\/12\/zPvvHlTw-683x1024.jpeg 683w, https:\/\/guyduval.com\/guyduvalinc\/wp-content\/uploads\/2020\/12\/zPvvHlTw-768x1152.jpeg 768w, https:\/\/guyduval.com\/guyduvalinc\/wp-content\/uploads\/2020\/12\/zPvvHlTw-1024x1536.jpeg 1024w, https:\/\/guyduval.com\/guyduvalinc\/wp-content\/uploads\/2020\/12\/zPvvHlTw-1365x2048.jpeg 1365w, https:\/\/guyduval.com\/guyduvalinc\/wp-content\/uploads\/2020\/12\/zPvvHlTw-133x200.jpeg 133w\" sizes=\"(max-width: 1707px) 100vw, 1707px\" \/><\/figure><div class=\"elementor-image-box-content\"><h5 class=\"elementor-image-box-title\">lucie bellerose<\/h5><\/div><\/div>\t\t\t\t<\/div>\n\t\t\t\t<div class=\"elementor-element elementor-element-a4585ad elementor-widget elementor-widget-text-editor\" data-id=\"a4585ad\" data-element_type=\"widget\" data-widget_type=\"text-editor.default\">\n\t\t\t\t\t\t\t\t\t<p>lucie.bellerose@guyduval.com<\/p>\t\t\t\t\t\t\t\t<\/div>\n\t\t\t\t\t<\/div>\n\t\t<\/div>\n\t\t\t\t<div class=\"elementor-column elementor-col-25 elementor-inner-column elementor-element elementor-element-2b6e32e\" data-id=\"2b6e32e\" data-element_type=\"column\">\n\t\t\t<div class=\"elementor-widget-wrap elementor-element-populated\">\n\t\t\t\t\t\t<div class=\"elementor-element elementor-element-eef37e1 elementor-position-top elementor-widget elementor-widget-image-box\" data-id=\"eef37e1\" data-element_type=\"widget\" data-widget_type=\"image-box.default\">\n\t\t\t\t\t<div class=\"elementor-image-box-wrapper\"><figure class=\"elementor-image-box-img\"><img loading=\"lazy\" decoding=\"async\" width=\"1707\" height=\"2560\" src=\"https:\/\/guyduval.com\/guyduvalinc\/wp-content\/uploads\/2020\/12\/Q2KwrNoA-scaled.jpeg\" class=\"attachment-full size-full wp-image-285\" alt=\"\" srcset=\"https:\/\/guyduval.com\/guyduvalinc\/wp-content\/uploads\/2020\/12\/Q2KwrNoA-scaled.jpeg 1707w, https:\/\/guyduval.com\/guyduvalinc\/wp-content\/uploads\/2020\/12\/Q2KwrNoA-200x300.jpeg 200w, https:\/\/guyduval.com\/guyduvalinc\/wp-content\/uploads\/2020\/12\/Q2KwrNoA-683x1024.jpeg 683w, https:\/\/guyduval.com\/guyduvalinc\/wp-content\/uploads\/2020\/12\/Q2KwrNoA-768x1152.jpeg 768w, https:\/\/guyduval.com\/guyduvalinc\/wp-content\/uploads\/2020\/12\/Q2KwrNoA-1024x1536.jpeg 1024w, https:\/\/guyduval.com\/guyduvalinc\/wp-content\/uploads\/2020\/12\/Q2KwrNoA-1365x2048.jpeg 1365w, https:\/\/guyduval.com\/guyduvalinc\/wp-content\/uploads\/2020\/12\/Q2KwrNoA-133x200.jpeg 133w\" sizes=\"(max-width: 1707px) 100vw, 1707px\" \/><\/figure><div class=\"elementor-image-box-content\"><h5 class=\"elementor-image-box-title\">sylvie dessureault<\/h5><\/div><\/div>\t\t\t\t<\/div>\n\t\t\t\t<div class=\"elementor-element elementor-element-609f895 elementor-widget elementor-widget-text-editor\" data-id=\"609f895\" data-element_type=\"widget\" data-widget_type=\"text-editor.default\">\n\t\t\t\t\t\t\t\t\t<p>sylvie.dessureault@guyduval.com<\/p>\t\t\t\t\t\t\t\t<\/div>\n\t\t\t\t\t<\/div>\n\t\t<\/div>\n\t\t\t\t<div class=\"elementor-column elementor-col-25 elementor-inner-column elementor-element elementor-element-6c4362d\" data-id=\"6c4362d\" data-element_type=\"column\">\n\t\t\t<div class=\"elementor-widget-wrap elementor-element-populated\">\n\t\t\t\t\t\t<div class=\"elementor-element elementor-element-a1f6515 elementor-position-top elementor-widget elementor-widget-image-box\" data-id=\"a1f6515\" data-element_type=\"widget\" data-widget_type=\"image-box.default\">\n\t\t\t\t\t<div class=\"elementor-image-box-wrapper\"><figure class=\"elementor-image-box-img\"><img loading=\"lazy\" decoding=\"async\" width=\"1824\" height=\"1215\" src=\"https:\/\/guyduval.com\/guyduvalinc\/wp-content\/uploads\/2021\/01\/6n-jv8KQ.jpeg\" class=\"attachment-full size-full wp-image-297\" alt=\"\" srcset=\"https:\/\/guyduval.com\/guyduvalinc\/wp-content\/uploads\/2021\/01\/6n-jv8KQ.jpeg 1824w, https:\/\/guyduval.com\/guyduvalinc\/wp-content\/uploads\/2021\/01\/6n-jv8KQ-300x200.jpeg 300w, https:\/\/guyduval.com\/guyduvalinc\/wp-content\/uploads\/2021\/01\/6n-jv8KQ-1024x682.jpeg 1024w, https:\/\/guyduval.com\/guyduvalinc\/wp-content\/uploads\/2021\/01\/6n-jv8KQ-768x512.jpeg 768w, https:\/\/guyduval.com\/guyduvalinc\/wp-content\/uploads\/2021\/01\/6n-jv8KQ-1536x1023.jpeg 1536w\" sizes=\"(max-width: 1824px) 100vw, 1824px\" \/><\/figure><div class=\"elementor-image-box-content\"><h5 class=\"elementor-image-box-title\">jason deveault<\/h5><\/div><\/div>\t\t\t\t<\/div>\n\t\t\t\t<div class=\"elementor-element elementor-element-557b1d3 elementor-widget elementor-widget-text-editor\" data-id=\"557b1d3\" data-element_type=\"widget\" data-widget_type=\"text-editor.default\">\n\t\t\t\t\t\t\t\t\t<p>jason.deveault@guyduval.com<\/p>\t\t\t\t\t\t\t\t<\/div>\n\t\t\t\t\t<\/div>\n\t\t<\/div>\n\t\t\t\t<div class=\"elementor-column elementor-col-25 elementor-inner-column elementor-element elementor-element-c674632\" data-id=\"c674632\" data-element_type=\"column\">\n\t\t\t<div class=\"elementor-widget-wrap elementor-element-populated\">\n\t\t\t\t\t\t<div class=\"elementor-element elementor-element-1f1c73b elementor-position-top elementor-widget elementor-widget-image-box\" data-id=\"1f1c73b\" data-element_type=\"widget\" data-widget_type=\"image-box.default\">\n\t\t\t\t\t<div class=\"elementor-image-box-wrapper\"><figure class=\"elementor-image-box-img\"><img loading=\"lazy\" decoding=\"async\" width=\"639\" height=\"360\" src=\"https:\/\/guyduval.com\/guyduvalinc\/wp-content\/uploads\/2025\/10\/360_F_1664836711_AzFnSJ7N13zor87XERpOzvPErekauojZ.jpg\" class=\"attachment-full size-full wp-image-553\" alt=\"\" \/><\/figure><div class=\"elementor-image-box-content\"><h5 class=\"elementor-image-box-title\">courriel g\u00e9n\u00e9ral<\/h5><\/div><\/div>\t\t\t\t<\/div>\n\t\t\t\t<div class=\"elementor-element elementor-element-8d7edca elementor-widget elementor-widget-text-editor\" data-id=\"8d7edca\" data-element_type=\"widget\" data-widget_type=\"text-editor.default\">\n\t\t\t\t\t\t\t\t\t<p>paiement@guyduval.com<br \/><br \/><br \/><\/p>\t\t\t\t\t\t\t\t<\/div>\n\t\t\t\t\t<\/div>\n\t\t<\/div>\n\t\t\t\t\t<\/div>\n\t\t<\/section>\n\t\t\t\t\t<\/div>\n\t\t<\/div>\n\t\t\t\t\t<\/div>\n\t\t<\/section>\n\t\t\t\t<\/div>\n\t\t","protected":false},"excerpt":{"rendered":"<p>Catherine Chevrier catherine.chevrier@guyduval.com sylvie duval Directrice roger Chevrier m\u00e9linda chevrier melinda.chevrier@guyduval.com lucie bellerose lucie.bellerose@guyduval.com sylvie dessureault sylvie.dessureault@guyduval.com jason deveault jason.deveault@guyduval.com courriel g\u00e9n\u00e9ral paiement@guyduval.com<\/p>\n","protected":false},"author":1,"featured_media":0,"parent":0,"menu_order":0,"comment_status":"closed","ping_status":"closed","template":"","meta":{"footnotes":""},"class_list":["post-125","page","type-page","status-publish","hentry"],"_links":{"self":[{"href":"https:\/\/guyduval.com\/guyduvalinc\/index.php?rest_route=\/wp\/v2\/pages\/125","targetHints":{"allow":["GET"]}}],"collection":[{"href":"https:\/\/guyduval.com\/guyduvalinc\/index.php?rest_route=\/wp\/v2\/pages"}],"about":[{"href":"https:\/\/guyduval.com\/guyduvalinc\/index.php?rest_route=\/wp\/v2\/types\/page"}],"author":[{"embeddable":true,"href":"https:\/\/guyduval.com\/guyduvalinc\/index.php?rest_route=\/wp\/v2\/users\/1"}],"replies":[{"embeddable":true,"href":"https:\/\/guyduval.com\/guyduvalinc\/index.php?rest_route=%2Fwp%2Fv2%2Fcomments&post=125"}],"version-history":[{"count":4,"href":"https:\/\/guyduval.com\/guyduvalinc\/index.php?rest_route=\/wp\/v2\/pages\/125\/revisions"}],"predecessor-version":[{"id":556,"href":"https:\/\/guyduval.com\/guyduvalinc\/index.php?rest_route=\/wp\/v2\/pages\/125\/revisions\/556"}],"wp:attachment":[{"href":"https:\/\/guyduval.com\/guyduvalinc\/index.php?rest_route=%2Fwp%2Fv2%2Fmedia&parent=125"}],"curies":[{"name":"wp","href":"https:\/\/api.w.org\/{rel}","templated":true}]}}